{"id":24,"date":"2024-10-19T14:24:57","date_gmt":"2024-10-19T14:24:57","guid":{"rendered":"https:\/\/kvk80536948.nl\/?page_id=24"},"modified":"2024-10-19T15:31:26","modified_gmt":"2024-10-19T15:31:26","slug":"voor-ziekenhuizen","status":"publish","type":"page","link":"https:\/\/kvk80536948.nl\/index.php\/voor-ziekenhuizen\/","title":{"rendered":"Voor ziekenhuizen"},"content":{"rendered":"\n<div class=\"wp-block-group alignfull has-accent-2-background-color has-background has-global-padding is-layout-constrained wp-container-core-group-is-layout-669513ed wp-block-group-is-layout-constrained\" style=\"margin-top:0;margin-bottom:0;padding-top:var(--wp--preset--spacing--50);padding-right:var(--wp--preset--spacing--50);padding-bottom:var(--wp--preset--spacing--50);padding-left:var(--wp--preset--spacing--50)\">\n<div class=\"wp-block-columns alignwide is-layout-flex wp-container-core-columns-is-layout-28f84493 wp-block-columns-is-layout-flex\">\n<div class=\"wp-block-column is-layout-flow wp-block-column-is-layout-flow\" style=\"flex-basis:40%\">\n<p class=\"wp-container-content-0733e5d0\">Kunstgalerij \u2014 Overzicht<\/p>\n<\/div>\n\n\n\n<div class=\"wp-block-column is-layout-flow wp-block-column-is-layout-flow\" style=\"flex-basis:60%\">\n<p class=\"has-heading-font-family has-x-large-font-size\" style=\"line-height:1.2\">Dit transformatieve project wil de infrastructuur, toegankelijkheid en tentoonstellingsruimtes van de galerij verbeteren en tegelijkertijd het rijke culturele erfgoed behouden.<\/p>\n<\/div>\n<\/div>\n\n\n\n<div style=\"height:var(--wp--preset--spacing--40)\" aria-hidden=\"true\" class=\"wp-block-spacer\"><\/div>\n\n\n\n<figure class=\"wp-block-image alignwide size-large is-style-rounded wp-duotone-duotone-2 is-style-rounded--1\"><img loading=\"lazy\" decoding=\"async\" width=\"1024\" height=\"683\" src=\"https:\/\/kvk80536948.nl\/wp-content\/uploads\/2024\/10\/pexels-rdne-6129685-1024x683.jpg\" alt=\"\" class=\"wp-image-55\" srcset=\"https:\/\/kvk80536948.nl\/wp-content\/uploads\/2024\/10\/pexels-rdne-6129685-1024x683.jpg 1024w, https:\/\/kvk80536948.nl\/wp-content\/uploads\/2024\/10\/pexels-rdne-6129685-300x200.jpg 300w, https:\/\/kvk80536948.nl\/wp-content\/uploads\/2024\/10\/pexels-rdne-6129685-768x512.jpg 768w, https:\/\/kvk80536948.nl\/wp-content\/uploads\/2024\/10\/pexels-rdne-6129685-1536x1024.jpg 1536w, https:\/\/kvk80536948.nl\/wp-content\/uploads\/2024\/10\/pexels-rdne-6129685-2048x1365.jpg 2048w\" sizes=\"auto, (max-width: 1024px) 100vw, 1024px\" \/><\/figure>\n<\/div>\n\n\n\n<div class=\"wp-block-group alignfull has-base-background-color has-background has-global-padding is-layout-constrained wp-container-core-group-is-layout-d89aad35 wp-block-group-is-layout-constrained\" style=\"margin-top:0;margin-bottom:0;padding-top:var(--wp--preset--spacing--50);padding-right:var(--wp--preset--spacing--50);padding-bottom:var(--wp--preset--spacing--50);padding-left:var(--wp--preset--spacing--50)\">\n<div class=\"wp-block-columns alignwide is-layout-flex wp-container-core-columns-is-layout-549b0c86 wp-block-columns-is-layout-flex\">\n<div class=\"wp-block-column has-global-padding is-content-justification-left is-layout-constrained wp-container-core-column-is-layout-4f15e8fe wp-block-column-is-layout-constrained\" style=\"flex-basis:40%\">\n<p>De gerevitaliseerde kunstgalerij is klaar om het culturele landschap opnieuw te defini\u00ebren.<\/p>\n<\/div>\n\n\n\n<div class=\"wp-block-column is-layout-flow wp-container-core-column-is-layout-119bc444 wp-block-column-is-layout-flow\" style=\"flex-basis:60%\">\n<p class=\"has-heading-font-family has-x-large-font-size\" style=\"line-height:1.2\">Met nauwgezette aandacht voor detail en een streven naar uitmuntendheid cre\u00ebren we ruimtes die inspireren, verheffen en het leven verrijken van degenen die erin wonen.<\/p>\n\n\n\n<div class=\"wp-block-columns is-layout-flex wp-container-core-columns-is-layout-87beb0d0 wp-block-columns-is-layout-flex\">\n<div class=\"wp-block-column is-layout-flow wp-block-column-is-layout-flow\">\n<p class=\"wp-container-content-9cfa9a5a\">De vernieuwde kunstgalerij is klaar om het culturele landschap van Toronto te herdefini\u00ebren en dient als een knooppunt van artistieke expressie, community betrokkenheid en architectonisch wonder. Het uitbreidings- en renovatieproject brengen hulde aan de rijke geschiedenis van de kunstgalerij en omarmen tegelijkertijd de toekomst, zodat de galerij een baken van inspiratie blijft.<\/p>\n<\/div>\n\n\n\n<div class=\"wp-block-column is-layout-flow wp-block-column-is-layout-flow\">\n<p>De vernieuwde kunstgalerij is klaar om het culturele landschap van Toronto te herdefini\u00ebren en dient als een knooppunt van artistieke expressie, community betrokkenheid en architectonisch wonder. Het uitbreidings- en renovatieproject brengen hulde aan de rijke geschiedenis van de kunstgalerij en omarmen tegelijkertijd de toekomst, zodat de galerij een baken van inspiratie blijft.<\/p>\n<\/div>\n<\/div>\n<\/div>\n<\/div>\n<\/div>\n\n\n\n<p class=\"has-text-align-center has-large-font-size\"><\/p>\n\n\n\n<figure class=\"wp-block-image alignfull size-large wp-duotone-duotone-2\"><img loading=\"lazy\" decoding=\"async\" width=\"1024\" height=\"683\" src=\"https:\/\/kvk80536948.nl\/wp-content\/uploads\/2024\/10\/pexels-rdne-6129685-1024x683.jpg\" alt=\"\" class=\"wp-image-55\" srcset=\"https:\/\/kvk80536948.nl\/wp-content\/uploads\/2024\/10\/pexels-rdne-6129685-1024x683.jpg 1024w, https:\/\/kvk80536948.nl\/wp-content\/uploads\/2024\/10\/pexels-rdne-6129685-300x200.jpg 300w, https:\/\/kvk80536948.nl\/wp-content\/uploads\/2024\/10\/pexels-rdne-6129685-768x512.jpg 768w, https:\/\/kvk80536948.nl\/wp-content\/uploads\/2024\/10\/pexels-rdne-6129685-1536x1024.jpg 1536w, https:\/\/kvk80536948.nl\/wp-content\/uploads\/2024\/10\/pexels-rdne-6129685-2048x1365.jpg 2048w\" sizes=\"auto, (max-width: 1024px) 100vw, 1024px\" \/><\/figure>\n\n\n\n<div class=\"wp-block-group alignfull has-base-2-background-color has-background has-global-padding is-layout-constrained wp-container-core-group-is-layout-7cd14b77 wp-block-group-is-layout-constrained\" style=\"margin-top:0;margin-bottom:0;padding-top:var(--wp--preset--spacing--60);padding-right:var(--wp--preset--spacing--60);padding-bottom:var(--wp--preset--spacing--60);padding-left:var(--wp--preset--spacing--60)\">\n<div class=\"wp-block-group alignwide is-layout-flow wp-block-group-is-layout-flow\">\n<div style=\"height:var(--wp--preset--spacing--50)\" aria-hidden=\"true\" class=\"wp-block-spacer\"><\/div>\n\n\n\n<p class=\"has-text-align-center has-heading-font-family has-x-large-font-size\" style=\"font-style:normal;font-weight:400;line-height:1.2\"><em>\u00c9tudes<\/em> beperkt zich niet tot het verleden &#8211; wij zijn gepassioneerd door de baanbrekende ontwerpen die onze wereld vandaag de dag vormgeven.<\/p>\n\n\n\n<div style=\"height:var(--wp--preset--spacing--50)\" aria-hidden=\"true\" class=\"wp-block-spacer\"><\/div>\n<\/div>\n<\/div>\n\n\n\n<div class=\"wp-block-group alignfull has-base-2-color has-contrast-background-color has-text-color has-background has-link-color wp-elements-7c576fcf17d8094b5eaed73ad34568bd has-global-padding is-layout-constrained wp-container-core-group-is-layout-facafb6f wp-block-group-is-layout-constrained\" style=\"margin-top:0;margin-bottom:0;padding-top:var(--wp--preset--spacing--50);padding-right:var(--wp--preset--spacing--50);padding-bottom:var(--wp--preset--spacing--50);padding-left:var(--wp--preset--spacing--50)\">\n<div class=\"wp-block-columns alignwide is-layout-flex wp-container-core-columns-is-layout-d1c656ed wp-block-columns-is-layout-flex\">\n<div class=\"wp-block-column is-vertically-aligned-stretch is-layout-flow wp-block-column-is-layout-flow\" style=\"padding-right:0;flex-basis:60%\">\n<div class=\"wp-block-group is-vertical is-content-justification-stretch is-layout-flex wp-container-core-group-is-layout-ae24f51d wp-block-group-is-layout-flex\" style=\"min-height:100%\">\n<figure class=\"wp-block-image size-large is-style-rounded wp-duotone-duotone-2 is-style-rounded--2\"><img loading=\"lazy\" decoding=\"async\" width=\"683\" height=\"1024\" src=\"https:\/\/kvk80536948.nl\/wp-content\/uploads\/2024\/10\/pexels-thirdman-5327659-683x1024.jpg\" alt=\"\" class=\"wp-image-50\" style=\"aspect-ratio:9\/16;object-fit:cover\" srcset=\"https:\/\/kvk80536948.nl\/wp-content\/uploads\/2024\/10\/pexels-thirdman-5327659-683x1024.jpg 683w, https:\/\/kvk80536948.nl\/wp-content\/uploads\/2024\/10\/pexels-thirdman-5327659-200x300.jpg 200w, https:\/\/kvk80536948.nl\/wp-content\/uploads\/2024\/10\/pexels-thirdman-5327659-768x1152.jpg 768w, https:\/\/kvk80536948.nl\/wp-content\/uploads\/2024\/10\/pexels-thirdman-5327659-1024x1536.jpg 1024w, https:\/\/kvk80536948.nl\/wp-content\/uploads\/2024\/10\/pexels-thirdman-5327659-1365x2048.jpg 1365w, https:\/\/kvk80536948.nl\/wp-content\/uploads\/2024\/10\/pexels-thirdman-5327659-scaled.jpg 1707w\" sizes=\"auto, (max-width: 683px) 100vw, 683px\" \/><\/figure>\n\n\n\n<p class=\"has-medium-font-size\">1. Met \u00c9tudes willen we de grenzen van de architectuur herdefini\u00ebren en een nieuw tijdperk van uitmuntend ontwerp inluiden dat een onuitwisbare stempel drukt op de gebouwde omgeving.<\/p>\n<\/div>\n<\/div>\n\n\n\n<div class=\"wp-block-column is-layout-flow wp-block-column-is-layout-flow\" style=\"flex-basis:40%\">\n<div class=\"wp-block-group has-global-padding is-layout-constrained wp-block-group-is-layout-constrained\">\n<p class=\"has-large-font-size\" style=\"font-style:normal;font-weight:500;line-height:1.2\">Ons uitgebreide pakket professionele diensten richt zich op een gevarieerde klantenkring, vari\u00ebrend van huiseigenaren tot commerci\u00eble ontwikkelaars. Met een toewijding aan innovatie en duurzaamheid is \u00c9tudes de brug die architecturale dromen omzet in opmerkelijke gebouwde realiteiten.<\/p>\n\n\n\n<div style=\"height:var(--wp--preset--spacing--40)\" aria-hidden=\"true\" class=\"wp-block-spacer\"><\/div>\n\n\n\n<div class=\"wp-block-group is-layout-flow wp-block-group-is-layout-flow\">\n<p class=\"has-medium-font-size\">2. Casestudies die het kunstenaarschap vieren, kunnen de nieuwsgierigheid aanwakkeren en inspiratie opwekken.<\/p>\n\n\n\n<figure class=\"wp-block-image size-large is-style-rounded wp-duotone-duotone-2 is-style-rounded--3\"><img loading=\"lazy\" decoding=\"async\" width=\"683\" height=\"1024\" src=\"https:\/\/kvk80536948.nl\/wp-content\/uploads\/2024\/10\/pexels-thirdman-5327659-683x1024.jpg\" alt=\"\" class=\"wp-image-50\" style=\"aspect-ratio:9\/16;object-fit:cover\" srcset=\"https:\/\/kvk80536948.nl\/wp-content\/uploads\/2024\/10\/pexels-thirdman-5327659-683x1024.jpg 683w, https:\/\/kvk80536948.nl\/wp-content\/uploads\/2024\/10\/pexels-thirdman-5327659-200x300.jpg 200w, https:\/\/kvk80536948.nl\/wp-content\/uploads\/2024\/10\/pexels-thirdman-5327659-768x1152.jpg 768w, https:\/\/kvk80536948.nl\/wp-content\/uploads\/2024\/10\/pexels-thirdman-5327659-1024x1536.jpg 1024w, https:\/\/kvk80536948.nl\/wp-content\/uploads\/2024\/10\/pexels-thirdman-5327659-1365x2048.jpg 1365w, https:\/\/kvk80536948.nl\/wp-content\/uploads\/2024\/10\/pexels-thirdman-5327659-scaled.jpg 1707w\" sizes=\"auto, (max-width: 683px) 100vw, 683px\" \/><\/figure>\n<\/div>\n<\/div>\n<\/div>\n<\/div>\n<\/div>\n","protected":false},"excerpt":{"rendered":"<p>Kunstgalerij \u2014 Overzicht Dit transformatieve project wil de infrastructuur, toegankelijkheid en tentoonstellingsruimtes van de galerij verbeteren en tegelijkertijd het rijke culturele erfgoed behouden. De gerevitaliseerde kunstgalerij is klaar om het culturele landschap opnieuw te defini\u00ebren. Met nauwgezette aandacht voor detail en een streven naar uitmuntendheid cre\u00ebren we ruimtes die inspireren, verheffen en het leven verrijken [&hellip;]<\/p>\n","protected":false},"author":1,"featured_media":0,"parent":0,"menu_order":0,"comment_status":"closed","ping_status":"closed","template":"","meta":{"footnotes":""},"class_list":["post-24","page","type-page","status-publish","hentry"],"_links":{"self":[{"href":"https:\/\/kvk80536948.nl\/index.php\/wp-json\/wp\/v2\/pages\/24","targetHints":{"allow":["GET"]}}],"collection":[{"href":"https:\/\/kvk80536948.nl\/index.php\/wp-json\/wp\/v2\/pages"}],"about":[{"href":"https:\/\/kvk80536948.nl\/index.php\/wp-json\/wp\/v2\/types\/page"}],"author":[{"embeddable":true,"href":"https:\/\/kvk80536948.nl\/index.php\/wp-json\/wp\/v2\/users\/1"}],"replies":[{"embeddable":true,"href":"https:\/\/kvk80536948.nl\/index.php\/wp-json\/wp\/v2\/comments?post=24"}],"version-history":[{"count":3,"href":"https:\/\/kvk80536948.nl\/index.php\/wp-json\/wp\/v2\/pages\/24\/revisions"}],"predecessor-version":[{"id":85,"href":"https:\/\/kvk80536948.nl\/index.php\/wp-json\/wp\/v2\/pages\/24\/revisions\/85"}],"wp:attachment":[{"href":"https:\/\/kvk80536948.nl\/index.php\/wp-json\/wp\/v2\/media?parent=24"}],"curies":[{"name":"wp","href":"https:\/\/api.w.org\/{rel}","templated":true}]}}